{"id":505,"date":"2017-07-24T23:39:25","date_gmt":"2017-07-24T21:39:25","guid":{"rendered":"https:\/\/videomappingfestival.com\/?page_id=505"},"modified":"2026-04-24T14:58:56","modified_gmt":"2026-04-24T12:58:56","slug":"accueil","status":"publish","type":"page","link":"https:\/\/videomappingfestival.com\/en\/","title":{"rendered":"Home"},"content":{"rendered":"<div class=\"wpb-content-wrapper\"><p>[vc_row][vc_column][vc_column_text css=&#8221;&#8221;]<\/p>\n<h2 style=\"text-align: justify;\">Video Mapping Festival<\/h2>\n<p><b>The Video Mapping Festival comes back in 2026 for its 9<sup>th<\/sup> edition in the Hauts-de-France Region!<br \/>\n<\/b><span style=\"font-weight: 400;\">The only event entirely dedicated to this ever-evolving artistic discipline, the Festival aims to present video mapping in all its forms (monument, object, immersive or interactive video mapping\u2026) and offers contents for both the general public and international professionals.<br \/>\n<\/span><\/p>\n<p><b><span style=\"color: #00aba2;\">\u2022<\/span> Opening in Lille \/ Friday 10<sup>th<\/sup> and Saturday 11<sup>th<\/sup> of April 2026<br \/>\n<\/b>Around 20 creations to discover during 2 evenings through a video mapping tour in the city centre and the Old Town (Vieux-Lille)<br \/>\n<b><span style=\"color: #00aba2;\"><br \/>\n\u2022<\/span> IBSIC (Image Beyond the Screen International Conference) \/ Thursday 9<sup>th<\/sup> &gt; Saturday 11<sup>th<\/sup> of April 2026<br \/>\n<\/b><span style=\"font-weight: 400;\">The annual international reference event dedicated to the video mapping industry for international professionals<\/span><\/p>\n<p><b><span style=\"color: #00aba2;\">\u2022<\/span> Events in around 15 cities in the Hauts-de-France Region \/ April &gt; October 2026<\/b><br \/>\nAgglom\u00e9ration de Lens-Li\u00e9vin : M\u00e9ricourt &amp; Loos-en-Gohelle \/ Beauvais \/ B\u00e9thune \/ Hondschoote \/ Lannoy \/ Mons-en-Bar\u0153ul \/ Rombies-et-Marchipont \/ Roubaix \/ Saint-Amand-les-Eaux \/ Saint-Omer \/ Thiepval \/ Wallers-Arenberg<\/p>\n<p><b><span style=\"color: #00aba2;\">\u2022<\/span> Closing in Amiens \/ Friday 16<sup>th<\/sup> and Saturday 17<sup>th<\/sup> of October 2026<br \/>\n<\/b><span style=\"font-weight: 400;\">A video mapping tour in the city to discover during 2 evenings<\/span><\/p>\n<p><b><span style=\"color: #00aba2;\">\u2022<\/span> Participative workshops around video mapping<br \/>\n<\/b><span style=\"font-weight: 400;\">With the inhabitants of the territories hosting the Festival<\/span><\/p>\n<p><b><span style=\"color: #00aba2;\">\u2022<\/span> Creative challenges and video mapping workshops<br \/>\n<\/b><span style=\"font-weight: 400;\">For students in regional and international animation schools<\/span><\/p>\n<p><strong><a href=\"https:\/\/f7ebec67.sibforms.com\/serve\/MUIFADl5h9QQFhW_B7d_ooMLh9ASfIqZ4fg_qDtqEjQcPSRASET3jANFqHVQE_0DkDtBR1zLapo8kIvMkNF7wBfxm6f04qutryiy6YJ2GECUT5aqkNyyikW2jj8talIbvU7xHGfwrR9FVPrvAAz0Sza509HO6ZPAYcgBGojHVD2dvqk8CtjCPyh4EWMNaXG8-ZFeu_ke4xLjkLCw\" target=\"_blank\" rel=\"noopener noreferrer\">&gt; Subscribe to the newsletter<\/a><br \/>\n<a href=\"https:\/\/www.facebook.com\/VideoMappingFestival\/\" target=\"_blank\" rel=\"noopener noreferrer\">&gt; Follow us on Facebook<\/a><\/strong><br \/>\n<strong><a href=\"https:\/\/www.instagram.com\/video_mapping_festival\/\" target=\"_blank\" rel=\"noopener\">&gt; Follow us on Instagram<\/a><\/strong>[\/vc_column_text][\/vc_column][\/vc_row]<\/p>\n<\/div>","protected":false},"excerpt":{"rendered":"<p>[vc_row][vc_column][vc_column_text css=&#8221;&#8221;] Video Mapping Festival The Video Mapping Festival comes back in 2026 for its 9th edition in the Hauts-de-France Region! The only event entirely dedicated to this ever-evolving artistic discipline, the Festival aims to present video mapping in all its forms (monument, object, immersive or interactive video mapping\u2026) and offers contents for both the [&hellip;]<\/p>\n","protected":false},"author":1,"featured_media":0,"parent":0,"menu_order":37,"comment_status":"closed","ping_status":"closed","template":"template-modules.php","meta":{"_acf_changed":false,"footnotes":""},"class_list":["post-505","page","type-page","status-publish","hentry"],"acf":[],"yoast_head":"<!-- This site is optimized with the Yoast SEO plugin v26.8 - https:\/\/yoast.com\/product\/yoast-seo-wordpress\/ -->\n<title>Site officiel | Video Mapping Festival<\/title>\n<meta name=\"description\" content=\"Site officiel du Video Mapping Festival \u00e0 Lille et en r\u00e9gion Hauts-de-France.\" \/>\n<meta name=\"robots\" content=\"index, follow, max-snippet:-1, max-image-preview:large, max-video-preview:-1\" \/>\n<link rel=\"canonical\" href=\"https:\/\/videomappingfestival.com\/en\/\" \/>\n<meta property=\"og:locale\" content=\"en_US\" \/>\n<meta property=\"og:type\" content=\"article\" \/>\n<meta property=\"og:title\" content=\"Site officiel | Video Mapping Festival\" \/>\n<meta property=\"og:description\" content=\"Site officiel du Video Mapping Festival \u00e0 Lille et en r\u00e9gion Hauts-de-France.\" \/>\n<meta property=\"og:url\" content=\"https:\/\/videomappingfestival.com\/en\/\" \/>\n<meta property=\"og:site_name\" content=\"Video Mapping Festival\" \/>\n<meta property=\"article:modified_time\" content=\"2026-04-24T12:58:56+00:00\" \/>\n<meta property=\"og:image\" content=\"https:\/\/videomappingfestival.com\/wp-content\/uploads\/2019\/01\/opera_web.jpg\" \/>\n\t<meta property=\"og:image:width\" content=\"1200\" \/>\n\t<meta property=\"og:image:height\" content=\"600\" \/>\n\t<meta property=\"og:image:type\" content=\"image\/jpeg\" \/>\n<meta name=\"twitter:card\" content=\"summary_large_image\" \/>\n<meta name=\"twitter:label1\" content=\"Est. reading time\" \/>\n\t<meta name=\"twitter:data1\" content=\"2 minutes\" \/>\n<script type=\"application\/ld+json\" class=\"yoast-schema-graph\">{\"@context\":\"https:\/\/schema.org\",\"@graph\":[{\"@type\":\"WebPage\",\"@id\":\"https:\/\/videomappingfestival.com\/en\/\",\"url\":\"https:\/\/videomappingfestival.com\/en\/\",\"name\":\"Site officiel | Video Mapping Festival\",\"isPartOf\":{\"@id\":\"https:\/\/videomappingfestival.com\/en\/#website\"},\"datePublished\":\"2017-07-24T21:39:25+00:00\",\"dateModified\":\"2026-04-24T12:58:56+00:00\",\"description\":\"Site officiel du Video Mapping Festival \u00e0 Lille et en r\u00e9gion Hauts-de-France.\",\"breadcrumb\":{\"@id\":\"https:\/\/videomappingfestival.com\/en\/#breadcrumb\"},\"inLanguage\":\"en-US\",\"potentialAction\":[{\"@type\":\"ReadAction\",\"target\":[\"https:\/\/videomappingfestival.com\/en\/\"]}]},{\"@type\":\"BreadcrumbList\",\"@id\":\"https:\/\/videomappingfestival.com\/en\/#breadcrumb\",\"itemListElement\":[{\"@type\":\"ListItem\",\"position\":1,\"name\":\"Accueil\",\"item\":\"https:\/\/videomappingfestival.com\/en\/\"},{\"@type\":\"ListItem\",\"position\":2,\"name\":\"Home\"}]},{\"@type\":\"WebSite\",\"@id\":\"https:\/\/videomappingfestival.com\/en\/#website\",\"url\":\"https:\/\/videomappingfestival.com\/en\/\",\"name\":\"Video Mapping Festival\",\"description\":\"En 2018, les Rencontres Audiovisuelles lancent la premi\u00e8re \u00e9dition du Video Mapping Festival en r\u00e9gion Hauts-de-France !\",\"potentialAction\":[{\"@type\":\"SearchAction\",\"target\":{\"@type\":\"EntryPoint\",\"urlTemplate\":\"https:\/\/videomappingfestival.com\/en\/?s={search_term_string}\"},\"query-input\":{\"@type\":\"PropertyValueSpecification\",\"valueRequired\":true,\"valueName\":\"search_term_string\"}}],\"inLanguage\":\"en-US\"}]}<\/script>\n<!-- \/ Yoast SEO plugin. -->","yoast_head_json":{"title":"Site officiel | Video Mapping Festival","description":"Site officiel du Video Mapping Festival \u00e0 Lille et en r\u00e9gion Hauts-de-France.","robots":{"index":"index","follow":"follow","max-snippet":"max-snippet:-1","max-image-preview":"max-image-preview:large","max-video-preview":"max-video-preview:-1"},"canonical":"https:\/\/videomappingfestival.com\/en\/","og_locale":"en_US","og_type":"article","og_title":"Site officiel | Video Mapping Festival","og_description":"Site officiel du Video Mapping Festival \u00e0 Lille et en r\u00e9gion Hauts-de-France.","og_url":"https:\/\/videomappingfestival.com\/en\/","og_site_name":"Video Mapping Festival","article_modified_time":"2026-04-24T12:58:56+00:00","og_image":[{"width":1200,"height":600,"url":"https:\/\/videomappingfestival.com\/wp-content\/uploads\/2019\/01\/opera_web.jpg","type":"image\/jpeg"}],"twitter_card":"summary_large_image","twitter_misc":{"Est. reading time":"2 minutes"},"schema":{"@context":"https:\/\/schema.org","@graph":[{"@type":"WebPage","@id":"https:\/\/videomappingfestival.com\/en\/","url":"https:\/\/videomappingfestival.com\/en\/","name":"Site officiel | Video Mapping Festival","isPartOf":{"@id":"https:\/\/videomappingfestival.com\/en\/#website"},"datePublished":"2017-07-24T21:39:25+00:00","dateModified":"2026-04-24T12:58:56+00:00","description":"Site officiel du Video Mapping Festival \u00e0 Lille et en r\u00e9gion Hauts-de-France.","breadcrumb":{"@id":"https:\/\/videomappingfestival.com\/en\/#breadcrumb"},"inLanguage":"en-US","potentialAction":[{"@type":"ReadAction","target":["https:\/\/videomappingfestival.com\/en\/"]}]},{"@type":"BreadcrumbList","@id":"https:\/\/videomappingfestival.com\/en\/#breadcrumb","itemListElement":[{"@type":"ListItem","position":1,"name":"Accueil","item":"https:\/\/videomappingfestival.com\/en\/"},{"@type":"ListItem","position":2,"name":"Home"}]},{"@type":"WebSite","@id":"https:\/\/videomappingfestival.com\/en\/#website","url":"https:\/\/videomappingfestival.com\/en\/","name":"Video Mapping Festival","description":"En 2018, les Rencontres Audiovisuelles lancent la premi\u00e8re \u00e9dition du Video Mapping Festival en r\u00e9gion Hauts-de-France !","potentialAction":[{"@type":"SearchAction","target":{"@type":"EntryPoint","urlTemplate":"https:\/\/videomappingfestival.com\/en\/?s={search_term_string}"},"query-input":{"@type":"PropertyValueSpecification","valueRequired":true,"valueName":"search_term_string"}}],"inLanguage":"en-US"}]}},"_links":{"self":[{"href":"https:\/\/videomappingfestival.com\/en\/wp-json\/wp\/v2\/pages\/505","targetHints":{"allow":["GET"]}}],"collection":[{"href":"https:\/\/videomappingfestival.com\/en\/wp-json\/wp\/v2\/pages"}],"about":[{"href":"https:\/\/videomappingfestival.com\/en\/wp-json\/wp\/v2\/types\/page"}],"author":[{"embeddable":true,"href":"https:\/\/videomappingfestival.com\/en\/wp-json\/wp\/v2\/users\/1"}],"replies":[{"embeddable":true,"href":"https:\/\/videomappingfestival.com\/en\/wp-json\/wp\/v2\/comments?post=505"}],"version-history":[{"count":27,"href":"https:\/\/videomappingfestival.com\/en\/wp-json\/wp\/v2\/pages\/505\/revisions"}],"predecessor-version":[{"id":18567,"href":"https:\/\/videomappingfestival.com\/en\/wp-json\/wp\/v2\/pages\/505\/revisions\/18567"}],"wp:attachment":[{"href":"https:\/\/videomappingfestival.com\/en\/wp-json\/wp\/v2\/media?parent=505"}],"curies":[{"name":"wp","href":"https:\/\/api.w.org\/{rel}","templated":true}]}}

<div class="wpb-content-wrapper"><p>[vc_row][vc_column][vc_column_text css=&#8221;&#8221;]</p>
<h2 style="text-align: justify;">Video Mapping Festival</h2>
<p><b>The Video Mapping Festival comes back in 2026 for its 9<sup>th</sup> edition in the Hauts-de-France Region!<br />
</b><span style="font-weight: 400;">The only event entirely dedicated to this ever-evolving artistic discipline, the Festival aims to present video mapping in all its forms (monument, object, immersive or interactive video mapping…) and offers contents for both the general public and international professionals.<br />
</span></p>
<p><b><span style="color: #00aba2;">•</span> Opening in Lille / Friday 10<sup>th</sup> and Saturday 11<sup>th</sup> of April 2026<br />
</b>Around 20 creations to discover during 2 evenings through a video mapping tour in the city centre and the Old Town (Vieux-Lille)<br />
<b><span style="color: #00aba2;"><br />
•</span> IBSIC (Image Beyond the Screen International Conference) / Thursday 9<sup>th</sup> &gt; Saturday 11<sup>th</sup> of April 2026<br />
</b><span style="font-weight: 400;">The annual international reference event dedicated to the video mapping industry for international professionals</span></p>
<p><b><span style="color: #00aba2;">•</span> Events in around 15 cities in the Hauts-de-France Region / April &gt; October 2026</b><br />
Agglomération de Lens-Liévin : Méricourt &amp; Loos-en-Gohelle / Beauvais / Béthune / Hondschoote / Lannoy / Mons-en-Barœul / Rombies-et-Marchipont / Roubaix / Saint-Amand-les-Eaux / Saint-Omer / Thiepval / Wallers-Arenberg</p>
<p><b><span style="color: #00aba2;">•</span> Closing in Amiens / Friday 16<sup>th</sup> and Saturday 17<sup>th</sup> of October 2026<br />
</b><span style="font-weight: 400;">A video mapping tour in the city to discover during 2 evenings</span></p>
<p><b><span style="color: #00aba2;">•</span> Participative workshops around video mapping<br />
</b><span style="font-weight: 400;">With the inhabitants of the territories hosting the Festival</span></p>
<p><b><span style="color: #00aba2;">•</span> Creative challenges and video mapping workshops<br />
</b><span style="font-weight: 400;">For students in regional and international animation schools</span></p>
<p><strong><a href="https://f7ebec67.sibforms.com/serve/MUIFADl5h9QQFhW_B7d_ooMLh9ASfIqZ4fg_qDtqEjQcPSRASET3jANFqHVQE_0DkDtBR1zLapo8kIvMkNF7wBfxm6f04qutryiy6YJ2GECUT5aqkNyyikW2jj8talIbvU7xHGfwrR9FVPrvAAz0Sza509HO6ZPAYcgBGojHVD2dvqk8CtjCPyh4EWMNaXG8-ZFeu_ke4xLjkLCw" target="_blank" rel="noopener noreferrer">&gt; Subscribe to the newsletter</a><br />
<a href="https://www.facebook.com/VideoMappingFestival/" target="_blank" rel="noopener noreferrer">&gt; Follow us on Facebook</a></strong><br />
<strong><a href="https://www.instagram.com/video_mapping_festival/" target="_blank" rel="noopener">&gt; Follow us on Instagram</a></strong>[/vc_column_text][/vc_column][/vc_row]</p>
</div>

<!-- This site is optimized with the Yoast SEO plugin v26.8 - https://yoast.com/product/yoast-seo-wordpress/ -->
<title>Site officiel | Video Mapping Festival</title>
<meta name="description" content="Site officiel du Video Mapping Festival à Lille et en région Hauts-de-France." />
<meta name="robots" content="index, follow, max-snippet:-1, max-image-preview:large, max-video-preview:-1" />
<link rel="canonical" href="https://videomappingfestival.com/en/" />
<meta property="og:locale" content="en_US" />
<meta property="og:type" content="article" />
<meta property="og:title" content="Site officiel | Video Mapping Festival" />
<meta property="og:description" content="Site officiel du Video Mapping Festival à Lille et en région Hauts-de-France." />
<meta property="og:url" content="https://videomappingfestival.com/en/" />
<meta property="og:site_name" content="Video Mapping Festival" />
<meta property="article:modified_time" content="2026-04-24T12:58:56+00:00" />
<meta property="og:image" content="https://videomappingfestival.com/wp-content/uploads/2019/01/opera_web.jpg" />
	<meta property="og:image:width" content="1200" />
	<meta property="og:image:height" content="600" />
	<meta property="og:image:type" content="image/jpeg" />
<meta name="twitter:card" content="summary_large_image" />
<meta name="twitter:label1" content="Est. reading time" />
	<meta name="twitter:data1" content="2 minutes" />
<script type="application/ld+json" class="yoast-schema-graph">{"@context":"https://schema.org","@graph":[{"@type":"WebPage","@id":"https://videomappingfestival.com/en/","url":"https://videomappingfestival.com/en/","name":"Site officiel | Video Mapping Festival","isPartOf":{"@id":"https://videomappingfestival.com/en/#website"},"datePublished":"2017-07-24T21:39:25+00:00","dateModified":"2026-04-24T12:58:56+00:00","description":"Site officiel du Video Mapping Festival à Lille et en région Hauts-de-France.","breadcrumb":{"@id":"https://videomappingfestival.com/en/#breadcrumb"},"inLanguage":"en-US","potentialAction":[{"@type":"ReadAction","target":["https://videomappingfestival.com/en/"]}]},{"@type":"BreadcrumbList","@id":"https://videomappingfestival.com/en/#breadcrumb","itemListElement":[{"@type":"ListItem","position":1,"name":"Accueil","item":"https://videomappingfestival.com/en/"},{"@type":"ListItem","position":2,"name":"Home"}]},{"@type":"WebSite","@id":"https://videomappingfestival.com/en/#website","url":"https://videomappingfestival.com/en/","name":"Video Mapping Festival","description":"En 2018, les Rencontres Audiovisuelles lancent la première édition du Video Mapping Festival en région Hauts-de-France !","potentialAction":[{"@type":"SearchAction","target":{"@type":"EntryPoint","urlTemplate":"https://videomappingfestival.com/en/?s={search_term_string}"},"query-input":{"@type":"PropertyValueSpecification","valueRequired":true,"valueName":"search_term_string"}}],"inLanguage":"en-US"}]}</script>
<!-- / Yoast SEO plugin. -->

Site officiel du Video Mapping Festival à Lille et en région Hauts-de-France.

En 2018, les Rencontres Audiovisuelles lancent la première édition du Video Mapping Festival en région Hauts-de-France !
