{"version":"1.0","provider_name":"Video Mapping Festival","provider_url":"https:\/\/videomappingfestival.com\/en\/","author_name":"Webmaster","author_url":"https:\/\/videomappingfestival.com\/en\/author\/webmaster\/","title":"AGGLOM\u00c9RATION DE LENS-LI\u00c9VIN: M\u00c9RICOURT - City Hall - 2nd of October - Video Mapping Festival","type":"rich","width":600,"height":338,"html":"<blockquote class=\"wp-embedded-content\" data-secret=\"AyQzzemgwN\"><a href=\"https:\/\/videomappingfestival.com\/en\/agglomeration-de-lens-lievin-mericourt-city-hall-2026\/\">AGGLOM\u00c9RATION DE LENS-LI\u00c9VIN: M\u00c9RICOURT &#8211; City Hall &#8211; 2<sup>nd<\/sup> of October<\/a><\/blockquote><iframe sandbox=\"allow-scripts\" security=\"restricted\" src=\"https:\/\/videomappingfestival.com\/en\/agglomeration-de-lens-lievin-mericourt-city-hall-2026\/embed\/#?secret=AyQzzemgwN\" width=\"600\" height=\"338\" title=\"&#8220;AGGLOM\u00c9RATION DE LENS-LI\u00c9VIN: M\u00c9RICOURT &#8211; City Hall &#8211; 2&lt;sup&gt;nd&lt;\/sup&gt; of October&#8221; &#8212; Video Mapping Festival\" data-secret=\"AyQzzemgwN\" frameborder=\"0\" marginwidth=\"0\" marginheight=\"0\" scrolling=\"no\" class=\"wp-embedded-content\"><\/iframe><script type=\"text\/javascript\">\n\/* <![CDATA[ *\/\n\/*! This file is auto-generated *\/\n!function(d,l){\"use strict\";l.querySelector&&d.addEventListener&&\"undefined\"!=typeof URL&&(d.wp=d.wp||{},d.wp.receiveEmbedMessage||(d.wp.receiveEmbedMessage=function(e){var t=e.data;if((t||t.secret||t.message||t.value)&&!\/[^a-zA-Z0-9]\/.test(t.secret)){for(var s,r,n,a=l.querySelectorAll('iframe[data-secret=\"'+t.secret+'\"]'),o=l.querySelectorAll('blockquote[data-secret=\"'+t.secret+'\"]'),c=new RegExp(\"^https?:$\",\"i\"),i=0;i<o.length;i++)o[i].style.display=\"none\";for(i=0;i<a.length;i++)s=a[i],e.source===s.contentWindow&&(s.removeAttribute(\"style\"),\"height\"===t.message?(1e3<(r=parseInt(t.value,10))?r=1e3:~~r<200&&(r=200),s.height=r):\"link\"===t.message&&(r=new URL(s.getAttribute(\"src\")),n=new URL(t.value),c.test(n.protocol))&&n.host===r.host&&l.activeElement===s&&(d.top.location.href=t.value))}},d.addEventListener(\"message\",d.wp.receiveEmbedMessage,!1),l.addEventListener(\"DOMContentLoaded\",function(){for(var e,t,s=l.querySelectorAll(\"iframe.wp-embedded-content\"),r=0;r<s.length;r++)(t=(e=s[r]).getAttribute(\"data-secret\"))||(t=Math.random().toString(36).substring(2,12),e.src+=\"#?secret=\"+t,e.setAttribute(\"data-secret\",t)),e.contentWindow.postMessage({message:\"ready\",secret:t},\"*\")},!1)))}(window,document);\n\/\/# sourceURL=https:\/\/videomappingfestival.com\/wp-includes\/js\/wp-embed.min.js\n\/* ]]> *\/\n<\/script>\n","thumbnail_url":"https:\/\/videomappingfestival.com\/wp-content\/uploads\/2026\/03\/VMF26_Lille.png","thumbnail_width":900,"thumbnail_height":500,"description":"[vc_row][vc_column][vc_column_text css=&#8221;&#8221;]Friday 2nd of October 2026 Schedules to be confirmed [\/vc_column_text][vc_column_text css=&#8221;&#8221;]City Hall Place Jean Jaur\u00e8s 62680 M\u00e9ricourt [\/vc_column_text][vc_column_text css=&#8221;&#8221;]Free[\/vc_column_text][vc_empty_space height=&#8221;25px&#8221;][vc_separator color=&#8221;custom&#8221; align=&#8221;align_left&#8221; border_width=&#8221;2&#8243; el_width=&#8221;20&#8243; css=&#8221;&#8221; accent_color=&#8221;#00ABA2&#8243;][vc_column_text css=&#8221;&#8221;]Monument video mapping This year again, the Communaut\u00e9 d\u2019Agglom\u00e9ration of Lens-Li\u00e9vin invites the Video Mapping Festival for 2 events one after the other, in 2 cities of the [&hellip;]"}

AGGLOMÉRATION DE LENS-LIÉVIN: MÉRICOURT - City Hall - 2nd of October - Video Mapping Festival

<blockquote class="wp-embedded-content" data-secret="AyQzzemgwN"><a href="https://videomappingfestival.com/en/agglomeration-de-lens-lievin-mericourt-city-hall-2026/">AGGLOMÉRATION DE LENS-LIÉVIN: MÉRICOURT &#8211; City Hall &#8211; 2<sup>nd</sup> of October</a></blockquote><iframe sandbox="allow-scripts" security="restricted" src="https://videomappingfestival.com/en/agglomeration-de-lens-lievin-mericourt-city-hall-2026/embed/#?secret=AyQzzemgwN" width="600" height="338" title="&#8220;AGGLOMÉRATION DE LENS-LIÉVIN: MÉRICOURT &#8211; City Hall &#8211; 2&lt;sup&gt;nd&lt;/sup&gt; of October&#8221; &#8212; Video Mapping Festival" data-secret="AyQzzemgwN" frameborder="0" marginwidth="0" marginheight="0" scrolling="no" class="wp-embedded-content"></iframe><script type="text/javascript">
/* <![CDATA[ */
/*! This file is auto-generated */
!function(d,l){"use strict";l.querySelector&&d.addEventListener&&"undefined"!=typeof URL&&(d.wp=d.wp||{},d.wp.receiveEmbedMessage||(d.wp.receiveEmbedMessage=function(e){var t=e.data;if((t||t.secret||t.message||t.value)&&!/[^a-zA-Z0-9]/.test(t.secret)){for(var s,r,n,a=l.querySelectorAll('iframe[data-secret="'+t.secret+'"]'),o=l.querySelectorAll('blockquote[data-secret="'+t.secret+'"]'),c=new RegExp("^https?:$","i"),i=0;i<o.length;i++)o[i].style.display="none";for(i=0;i<a.length;i++)s=a[i],e.source===s.contentWindow&&(s.removeAttribute("style"),"height"===t.message?(1e3<(r=parseInt(t.value,10))?r=1e3:~~r<200&&(r=200),s.height=r):"link"===t.message&&(r=new URL(s.getAttribute("src")),n=new URL(t.value),c.test(n.protocol))&&n.host===r.host&&l.activeElement===s&&(d.top.location.href=t.value))}},d.addEventListener("message",d.wp.receiveEmbedMessage,!1),l.addEventListener("DOMContentLoaded",function(){for(var e,t,s=l.querySelectorAll("iframe.wp-embedded-content"),r=0;r<s.length;r++)(t=(e=s[r]).getAttribute("data-secret"))||(t=Math.random().toString(36).substring(2,12),e.src+="#?secret="+t,e.setAttribute("data-secret",t)),e.contentWindow.postMessage({message:"ready",secret:t},"*")},!1)))}(window,document);
//# sourceURL=https://videomappingfestival.com/wp-includes/js/wp-embed.min.js
/* ]]> */
</script>

[vc_row][vc_column][vc_column_text css=&#8221;&#8221;]Friday 2nd of October 2026 Schedules to be confirmed [/vc_column_text][vc_column_text css=&#8221;&#8221;]City Hall Place Jean Jaurès 62680 Méricourt [/vc_column_text][vc_column_text css=&#8221;&#8221;]Free[/vc_column_text][vc_empty_space height=&#8221;25px&#8221;][vc_separator color=&#8221;custom&#8221; align=&#8221;align_left&#8221; border_width=&#8221;2&#8243; el_width=&#8221;20&#8243; css=&#8221;&#8221; accent_color=&#8221;#00ABA2&#8243;][vc_column_text css=&#8221;&#8221;]Monument video mapping This year again, the Communauté d’Agglomération of Lens-Liévin invites the Video Mapping Festival for 2 events one after the other, in 2 cities of the [&hellip;]
